inder when 20187 is divided by 4023.
72
What is the remainder when 290 is divided by 74?
68
What is the remainder when 4129 is divided by 90?
79
Calculate the remainder when 585 is divided by 144.
9
What is the remainder when 277516 is divided by 46?
44
Calculate the remainder when 62256 is divided by 31124.
8
What is the remainder when 1186 is divided by 525?
136
What is the remainder when 729811 is divided by 17800?
11
Calculate the remainder when 47334 is divided by 544.
6
What is the remainder when 2368977 is divided by 54?
51
What is the remainder when 31070 is divided by 280?
270
Calculate the remainder when 768129 is divided by 121.
21
What is the remainder when 30367 is divided by 16?
15
Calculate the remainder when 7901 is divided by 416.
413
Calculate the remainder when 892 is divided by 885.
7
Calculate the remainder when 68031 is divided by 17.
14
What is the remainder when 459271 is divided by 20?
11
Calculate the remainder when 631148 is divided by 48.
44
Calculate the remainder when 11085 is divided by 11077.
8
What is the remainder when 5166 is divided by 572?
18
Calculate the remainder when 8277 is divided by 345.
342
What is the remainder when 607992 is divided by 218?
208
Calculate the remainder when 1478 is divided by 279.
83
Calculate the remainder when 3773 is divided by 188.
13
Calculate the remainder when 8309 is divided by 4143.
23
Calculate the remainder when 24483 is divided by 27.
21
Calculate the remainder when 1179180 is divided by 11.
2
Calculate the remainder when 772 is divided by 123.
34
What is the remainder when 34498 is divided by 8624?
2
What is the remainder when 777 is divided by 25?
2
Calculate the remainder when 24110 is divided by 19.
18
Calculate the remainder when 443227 is divided by 1270.
1267
Calculate the remainder when 25261 is divided by 128.
45
What is the remainder when 27289 is divided by 181?
139
What is the remainder when 10953 is divided by 203?
194
What is the remainder when 13136 is divided by 87?
86
What is the remainder when 2886 is divided by 2708?
178
Calculate the remainder when 4643 is divided by 284.
99
Calculate the remainder when 7188 is divided by 330.
258
What is the remainder when 498260 is divided by 14236?
0
Calculate the remainder when 40855 is divided by 9.
4
What is the remainder when 4308872 is divided by 125?
122
What is the remainder when 6624 is divided by 6518?
106
What is the remainder when 27310 is divided by 1135?
70
Calculate the remainder when 65386 is divided by 140.
6
Calculate the remainder when 7186 is divided by 21.
4
Calculate the remainder when 2799 is divided by 187.
181
Calculate the remainder when 2211 is divided by 2099.
112
What is the remainder when 2461 is divided by 177?
160
Calculate the remainder when 4285 is divided by 51.
1
Calculate the remainder when 2431 is divided by 299.
39
Calculate the remainder when 59063 is divided by 9842.
11
Calculate the remainder when 545 is divided by 221.
103
Calculate the remainder when 2010 is divided by 582.
264
Calculate the remainder when 3007 is divided by 851.
454
What is the remainder when 11693 is divided by 899?
6
What is the remainder when 12756 is divided by 2124?
12
What is the remainder when 49847 is divided by 206?
201
Calculate the remainder when 11690 is divided by 476.
266
Calculate the remainder when 6962 is divided by 1010.
902
What is the remainder when 3278 is divided by 192?
14
Calculate the remainder when 701 is divided by 643.
58
What is the remainder when 828286 is divided by 762?
754
Calculate the remainder when 2232 is divided by 153.
90
Calculate the remainder when 3547 is divided by 862.
99
What is the remainder when 3541 is divided by 1174?
19
What is the remainder when 6551 is divided by 29?
26
What is the remainder when 295943 is divided by 627?
626
What is the remainder when 404 is divided by 376?
28
What is the remainder when 2708 is divided by 14?
6
What is the remainder when 1633 is divided by 747?
139
What is the remainder when 1965 is divided by 449?
169
What is the remainder when 2695 is divided by 207?
4
What is the remainder when 54001 is divided by 10775?
126
What is the remainder when 23799 is divided by 184?
63
Calculate the remainder when 92519 is divided by 98.
7
Calculate the remainder when 98 is divided by 78.
20
What is the remainder when 15441 is divided by 44?
41
What is the remainder when 34423 is divided by 225?
223
Calculate the remainder when 51968 is divided by 12992.
0
What is the remainder when 1820 is divided by 1769?
51
What is the remainder when 5705 is divided by 5623?
82
What is the remainder when 212119 is divided by 70701?
16
Calculate the remainder when 269131 is divided by 63.
58
Calculate the remainder when 16429 is divided by 357.
7
Calculate the remainder when 51069 is divided by 28.
25
Calculate the remainder when 7827974 is divided by 83.
78
Calculate the remainder when 424 is divided by 92.
56
Calculate the remainder when 17692 is divided by 287.
185
What is the remainder when 4872 is divided by 1619?
15
Calculate the remainder when 10595 is divided by 287.
263
Calculate the remainder when 66405 is divided by 71.
20
What is the remainder when 1159 is divided by 400?
359
What is the remainder when 1355 is divided by 137?
122
Calculate the remainder when 4982 is divided by 565.
462
Calculate the remainder when 2341 is divided by 281.
93
Calculate the remainder when 54874 is divided by 819.
1
Calculate the remainder when 1290311 is divided by 322575.
11
Calculate the remainder when 81160 is divided by 80.
40
What is the remainder when 1518 is divided by 573?
372
What is the remainder when 321477 is divided by 24724?
65
What is the remainder when 11012 is divided by 34?
30
What is the remainder when 12191 is divided by 1341?
122
What is the remainder when 7863 is divided by 22?
9
Calculate the remainder when 268776 is divided by 134377.
22
What is the remainder when 52539 is divided by 6565?
19
What is the remainder when 7438 is divided by 1827?
130
What is the remainder when 2168 is divided by 18?
8
Calculate the remainder when 11977 is divided by 73.
5
Calculate the remainder when 8240 is divided by 147.
8
Calculate the remainder when 620 is divided by 266.
88
Calculate the remainder when 2414 is divided by 99.
38
Calculate the remainder when 54442 is divided by 2.
0
What is the remainder when 238684 is divided by 8?
4
What is the remainder when 3991 is divided by 20?
11
Calculate the remainder when 3390055 is divided by 283.
281
What is the remainder when 13553 is divided by 357?
344
What is the remainder when 13964 is divided by 65?
54
What is the remainder when 420138 is divided by 210055?
28
Calculate the remainder when 867150 is divided by 357.
354
Calculate the remainder when 70149 is divided by 15.
9
What is the remainder when 2573 is divided by 2485?
88
What is the remainder when 10250 is divided by 16?
10
Calculate the remainder when 26614 is divided by 364.
42
What is the remainder when 24222 is divided by 131?
118
Calculate the remainder when 3290 is divided by 9.
5
Calculate the remainder when 83 is divided by 41.
1
Calculate the remainder when 86108 is divided by 4.
0
What is the remainder when 593 is divided by 307?
286
What is the remainder when 166276 is divided by 30?
16
What is the remainder when 71270 is divided by 272?
6
Calculate the remainder when 26790 is divided by 8920.
30
Calculate the remainder when 1034 is divided by 323.
65
Calculate the remainder when 273558 is divided by 447.
441
Calculate the remainder when 31754 is divided by 193.
102
Calculate the remainder when 7608 is divided by 685.
73
What is the remainder when 5786 is divided by 2842?
102
Calculate the remainder when 85521 is divided by 51.
45
Calculate the remainder when 30797 is divided by 395.
382
Calculate the remainder when 26060 is divided by 12942.
176
What is the remainder when 3763 is divided by 522?
109
What is the remainder when 497855 is divided by 84?
71
What is the remainder when 3623 is divided by 262?
217
Calculate the remainder when 148217 is divided by 193.
186
What is the remainder when 2941 is divided by 92?
89
Calculate the remainder when 43246 is divided by 2536.
134
What is the remainder when 6064 is divided by 9?
7
Calcul